{"id":1268,"date":"2024-09-12T23:16:10","date_gmt":"2024-09-12T21:16:10","guid":{"rendered":"https:\/\/kulturverein-afrokonexion.org\/?page_id=1268"},"modified":"2024-09-13T01:26:05","modified_gmt":"2024-09-12T23:26:05","slug":"mentions-legales","status":"publish","type":"page","link":"https:\/\/kulturverein-afrokonexion.org\/de\/mentions-legales\/","title":{"rendered":"Impressum"},"content":{"rendered":"<div data-elementor-type=\"wp-page\" data-elementor-id=\"1268\" class=\"elementor elementor-1268\">\n\t\t\t\t<div class=\"elementor-element elementor-element-ff58941 e-flex e-con-boxed e-con e-parent\" data-id=\"ff58941\" data-element_type=\"container\" data-e-type=\"container\" data-settings=\"{&quot;background_background&quot;:&quot;classic&quot;}\">\n\t\t\t\t\t<div class=\"e-con-inner\">\n\t\t<div class=\"elementor-element elementor-element-dae6f0c e-con-full e-flex e-con e-child\" data-id=\"dae6f0c\" data-element_type=\"container\" data-e-type=\"container\">\n\t\t\t\t<div class=\"elementor-element elementor-element-d8cc35f elementor-invisible elementor-widget elementor-widget-heading\" data-id=\"d8cc35f\" data-element_type=\"widget\" data-e-type=\"widget\" data-settings=\"{&quot;_animation&quot;:&quot;fadeIn&quot;,&quot;_animation_delay&quot;:50}\" data-widget_type=\"heading.default\">\n\t\t\t\t<div class=\"elementor-widget-container\">\n\t\t\t\t\t<h2 class=\"elementor-heading-title elementor-size-default\">Kulturverein Afrokonexion e.V<\/h2>\t\t\t\t<\/div>\n\t\t\t\t<\/div>\n\t\t\t\t<div class=\"elementor-element elementor-element-663942c elementor-invisible elementor-widget elementor-widget-heading\" data-id=\"663942c\" data-element_type=\"widget\" data-e-type=\"widget\" data-settings=\"{&quot;_animation&quot;:&quot;fadeIn&quot;,&quot;_animation_delay&quot;:100}\" data-widget_type=\"heading.default\">\n\t\t\t\t<div class=\"elementor-widget-container\">\n\t\t\t\t\t<h2 class=\"elementor-heading-title elementor-size-default\">Impressum<\/h2>\t\t\t\t<\/div>\n\t\t\t\t<\/div>\n\t\t<div class=\"elementor-element elementor-element-0fbe116 e-con-full e-flex elementor-invisible e-con e-child\" data-id=\"0fbe116\" data-element_type=\"container\" data-e-type=\"container\" data-settings=\"{&quot;animation&quot;:&quot;fadeIn&quot;,&quot;animation_delay&quot;:20}\">\n\t\t<div class=\"elementor-element elementor-element-610c801 e-con-full e-flex e-con e-child\" data-id=\"610c801\" data-element_type=\"container\" data-e-type=\"container\">\n\t\t\t\t<\/div>\n\t\t\t\t<\/div>\n\t\t\t\t<\/div>\n\t\t\t\t\t<\/div>\n\t\t\t\t<\/div>\n\t\t<div class=\"elementor-element elementor-element-6b1fed4 e-flex e-con-boxed e-con e-parent\" data-id=\"6b1fed4\" data-element_type=\"container\" data-e-type=\"container\">\n\t\t\t\t\t<div class=\"e-con-inner\">\n\t\t<div class=\"elementor-element elementor-element-b969435 e-con-full e-flex e-con e-child\" data-id=\"b969435\" data-element_type=\"container\" data-e-type=\"container\">\n\t\t\t\t<div class=\"elementor-element elementor-element-b01a0be elementor-widget elementor-widget-image\" data-id=\"b01a0be\" data-element_type=\"widget\" data-e-type=\"widget\" data-widget_type=\"image.default\">\n\t\t\t\t<div class=\"elementor-widget-container\">\n\t\t\t\t\t\t\t\t\t\t\t\t\t\t\t<img fetchpriority=\"high\" decoding=\"async\" width=\"1024\" height=\"690\" src=\"https:\/\/kulturverein-afrokonexion.org\/wp-content\/uploads\/2024\/09\/4691992-1024x690.jpg\" class=\"attachment-large size-large wp-image-1222\" alt=\"africans, friendship, diversity\" \/>\t\t\t\t\t\t\t\t\t\t\t\t\t\t\t<\/div>\n\t\t\t\t<\/div>\n\t\t\t\t<\/div>\n\t\t<div class=\"elementor-element elementor-element-f74efc4 e-con-full e-flex e-con e-child\" data-id=\"f74efc4\" data-element_type=\"container\" data-e-type=\"container\">\n\t\t\t\t<div class=\"elementor-element elementor-element-775b790 elementor-widget elementor-widget-text-editor\" data-id=\"775b790\" data-element_type=\"widget\" data-e-type=\"widget\" data-widget_type=\"text-editor.default\">\n\t\t\t\t<div class=\"elementor-widget-container\">\n\t\t\t\t\t\t\t\t\t<h4>Informations G\u00e9n\u00e9rales<\/h4><p><strong>Kulturverein Afrokonexion e.V.<\/strong><br \/>Adresse : Kirchstra\u00dfe 11, 73730 Esslingen am Neckar<br \/>T\u00e9l\u00e9phone : +49 176 70848122<br \/>Email : <a rel=\"noopener\">contact@kulturverein-afrokonexion.org<\/a><\/p><h4>Repr\u00e9sentant L\u00e9gal<\/h4><p>Le repr\u00e9sentant l\u00e9gal de Kulturverein Afrokonexion e.V. est son Pr\u00e9sident, <strong>Fr\u00e9d\u00e9ric Kodzo D. AKPADJE<\/strong>.<\/p>\t\t\t\t\t\t\t\t<\/div>\n\t\t\t\t<\/div>\n\t\t\t\t<\/div>\n\t\t\t\t\t<\/div>\n\t\t\t\t<\/div>\n\t\t<div class=\"elementor-element elementor-element-910a440 e-flex e-con-boxed e-con e-parent\" data-id=\"910a440\" data-element_type=\"container\" data-e-type=\"container\">\n\t\t\t\t\t<div class=\"e-con-inner\">\n\t\t\t\t<div class=\"elementor-element elementor-element-022d6af elementor-widget elementor-widget-text-editor\" data-id=\"022d6af\" data-element_type=\"widget\" data-e-type=\"widget\" data-widget_type=\"text-editor.default\">\n\t\t\t\t<div class=\"elementor-widget-container\">\n\t\t\t\t\t\t\t\t\t<h4>Enregistrement<\/h4><p>Kulturverein Afrokonexion e.V. est enregistr\u00e9e en tant qu&rsquo;association \u00e0 but non lucratif en Allemagne.<\/p><h4>H\u00e9bergement du Site<\/h4><p>Le site internet est h\u00e9berg\u00e9 par :<br \/><strong>LWS (Ligne Web Services)<\/strong><br \/>Adresse : 10 rue Penthi\u00e8vre, 75008 Paris, France<br \/>Site web : <a href=\"https:\/\/www.lws.fr\" target=\"_new\" rel=\"noopener\">www.lws.fr<\/a><\/p><h4>Propri\u00e9t\u00e9 Intellectuelle<\/h4><p>Tous les contenus pr\u00e9sents sur ce site, y compris, sans s&rsquo;y limiter, les textes, graphiques, images, vid\u00e9os, logos, ic\u00f4nes et logiciels, sont la propri\u00e9t\u00e9 de Kulturverein Afrokonexion e.V. ou de ses partenaires. Toute reproduction, distribution, modification, adaptation, retransmission ou publication de ces contenus, m\u00eame partielle, est strictement interdite sans l&rsquo;accord pr\u00e9alable \u00e9crit de Kulturverein Afrokonexion e.V.<\/p><h4>Limitation de Responsabilit\u00e9<\/h4><p>Kulturverein Afrokonexion e.V. s&rsquo;efforce d&rsquo;assurer au mieux de ses possibilit\u00e9s, l&rsquo;exactitude et la mise \u00e0 jour des informations diffus\u00e9es sur ce site. Cependant, l&rsquo;association ne peut garantir l&rsquo;exactitude, la pr\u00e9cision ou l&rsquo;exhaustivit\u00e9 des informations mises \u00e0 disposition sur ce site. En cons\u00e9quence, Kulturverein Afrokonexion e.V. d\u00e9cline toute responsabilit\u00e9 pour toute impr\u00e9cision, inexactitude ou omission portant sur des informations disponibles sur ce site.<\/p><h4>Liens Hypertextes<\/h4><p>Le site peut inclure des liens vers d&rsquo;autres sites web ou d&rsquo;autres sources Internet. Dans la mesure o\u00f9 Kulturverein Afrokonexion e.V. ne peut contr\u00f4ler ces sites et sources externes, l&rsquo;association ne peut \u00eatre tenue responsable de la mise \u00e0 disposition de ces sites et sources externes, et ne peut supporter aucune responsabilit\u00e9 quant aux contenus, publicit\u00e9s, produits, services ou tout autre mat\u00e9riel disponible sur ou \u00e0 partir de ces sites ou sources externes.<\/p><h4>Protection des Donn\u00e9es Personnelles<\/h4><p>Kulturverein Afrokonexion e.V. s&rsquo;engage \u00e0 prot\u00e9ger la vie priv\u00e9e de ses utilisateurs. Les donn\u00e9es personnelles collect\u00e9es sur ce site sont destin\u00e9es exclusivement \u00e0 un usage interne. Conform\u00e9ment aux r\u00e9glementations en vigueur, les utilisateurs disposent d&rsquo;un droit d&rsquo;acc\u00e8s, de rectification et de suppression des donn\u00e9es personnelles les concernant. Pour exercer ce droit, veuillez nous contacter \u00e0 : <a rel=\"noopener\">contact@kulturverein-afrokonexion.org<\/a>.<\/p><h4>Droit Applicable<\/h4><p>Les pr\u00e9sentes mentions l\u00e9gales sont r\u00e9gies par le droit allemand. Tout litige relatif \u00e0 l&rsquo;utilisation du site sera soumis \u00e0 la comp\u00e9tence exclusive des tribunaux allemands.<\/p><h4>Kontakt<\/h4><p>Pour toute question relative aux mentions l\u00e9gales du site, vous pouvez nous contacter \u00e0 l&rsquo;adresse suivante :<br \/>Email : <a rel=\"noopener\">contact@kulturverein-afrokonexion.org<\/a><br \/>T\u00e9l\u00e9phone : +49 176 70848122<\/p>\t\t\t\t\t\t\t\t<\/div>\n\t\t\t\t<\/div>\n\t\t\t\t\t<\/div>\n\t\t\t\t<\/div>\n\t\t\t\t<\/div>","protected":false},"excerpt":{"rendered":"<p>Kulturverein Afrokonexion e.V Mentions L\u00e9gales Informations G\u00e9n\u00e9rales Kulturverein Afrokonexion e.V. Adresse : Kirchstra\u00dfe 11, 73730 Esslingen am Neckar T\u00e9l\u00e9phone : [&hellip;]<\/p>\n","protected":false},"author":1,"featured_media":0,"parent":0,"menu_order":0,"comment_status":"closed","ping_status":"closed","template":"","meta":{"site-sidebar-layout":"default","site-content-layout":"","ast-site-content-layout":"default","site-content-style":"default","site-sidebar-style":"default","ast-global-header-display":"","ast-banner-title-visibility":"","ast-main-header-display":"","ast-hfb-above-header-display":"","ast-hfb-below-header-display":"","ast-hfb-mobile-header-display":"","site-post-title":"disabled","ast-breadcrumbs-content":"","ast-featured-img":"","footer-sml-layout":"","theme-transparent-header-meta":"default","adv-header-id-meta":"","stick-header-meta":"","header-above-stick-meta":"","header-main-stick-meta":"","header-below-stick-meta":"","astra-migrate-meta-layouts":"set","ast-page-background-enabled":"default","ast-page-background-meta":{"desktop":{"background-color":"var(--ast-global-color-4)","background-image":"","background-repeat":"repeat","background-position":"center center","background-size":"auto","background-attachment":"scroll","background-type":"","background-media":"","overlay-type":"","overlay-color":"","overlay-opacity":"","overlay-gradient":""},"tablet":{"background-color":"","background-image":"","background-repeat":"repeat","background-position":"center center","background-size":"auto","background-attachment":"scroll","background-type":"","background-media":"","overlay-type":"","overlay-color":"","overlay-opacity":"","overlay-gradient":""},"mobile":{"background-color":"","background-image":"","background-repeat":"repeat","background-position":"center center","background-size":"auto","background-attachment":"scroll","background-type":"","background-media":"","overlay-type":"","overlay-color":"","overlay-opacity":"","overlay-gradient":""}},"ast-content-background-meta":{"desktop":{"background-color":"var(--ast-global-color-5)","background-image":"","background-repeat":"repeat","background-position":"center center","background-size":"auto","background-attachment":"scroll","background-type":"","background-media":"","overlay-type":"","overlay-color":"","overlay-opacity":"","overlay-gradient":""},"tablet":{"background-color":"var(--ast-global-color-5)","background-image":"","background-repeat":"repeat","background-position":"center center","background-size":"auto","background-attachment":"scroll","background-type":"","background-media":"","overlay-type":"","overlay-color":"","overlay-opacity":"","overlay-gradient":""},"mobile":{"background-color":"var(--ast-global-color-5)","background-image":"","background-repeat":"repeat","background-position":"center center","background-size":"auto","background-attachment":"scroll","background-type":"","background-media":"","overlay-type":"","overlay-color":"","overlay-opacity":"","overlay-gradient":""}},"footnotes":""},"class_list":["post-1268","page","type-page","status-publish","hentry"],"_links":{"self":[{"href":"https:\/\/kulturverein-afrokonexion.org\/de\/wp-json\/wp\/v2\/pages\/1268","targetHints":{"allow":["GET"]}}],"collection":[{"href":"https:\/\/kulturverein-afrokonexion.org\/de\/wp-json\/wp\/v2\/pages"}],"about":[{"href":"https:\/\/kulturverein-afrokonexion.org\/de\/wp-json\/wp\/v2\/types\/page"}],"author":[{"embeddable":true,"href":"https:\/\/kulturverein-afrokonexion.org\/de\/wp-json\/wp\/v2\/users\/1"}],"replies":[{"embeddable":true,"href":"https:\/\/kulturverein-afrokonexion.org\/de\/wp-json\/wp\/v2\/comments?post=1268"}],"version-history":[{"count":4,"href":"https:\/\/kulturverein-afrokonexion.org\/de\/wp-json\/wp\/v2\/pages\/1268\/revisions"}],"predecessor-version":[{"id":1277,"href":"https:\/\/kulturverein-afrokonexion.org\/de\/wp-json\/wp\/v2\/pages\/1268\/revisions\/1277"}],"wp:attachment":[{"href":"https:\/\/kulturverein-afrokonexion.org\/de\/wp-json\/wp\/v2\/media?parent=1268"}],"curies":[{"name":"wp","href":"https:\/\/api.w.org\/{rel}","templated":true}]}}

<div data-elementor-type="wp-page" data-elementor-id="1268" class="elementor elementor-1268">
				<div class="elementor-element elementor-element-ff58941 e-flex e-con-boxed e-con e-parent" data-id="ff58941" data-element_type="container" data-e-type="container" data-settings="{&quot;background_background&quot;:&quot;classic&quot;}">
					<div class="e-con-inner">
		<div class="elementor-element elementor-element-dae6f0c e-con-full e-flex e-con e-child" data-id="dae6f0c" data-element_type="container" data-e-type="container">
				<div class="elementor-element elementor-element-d8cc35f elementor-invisible elementor-widget elementor-widget-heading" data-id="d8cc35f" data-element_type="widget" data-e-type="widget" data-settings="{&quot;_animation&quot;:&quot;fadeIn&quot;,&quot;_animation_delay&quot;:50}" data-widget_type="heading.default">
				<div class="elementor-widget-container">
					<h2 class="elementor-heading-title elementor-size-default">Kulturverein Afrokonexion e.V</h2>				</div>
				</div>
				<div class="elementor-element elementor-element-663942c elementor-invisible elementor-widget elementor-widget-heading" data-id="663942c" data-element_type="widget" data-e-type="widget" data-settings="{&quot;_animation&quot;:&quot;fadeIn&quot;,&quot;_animation_delay&quot;:100}" data-widget_type="heading.default">
				<div class="elementor-widget-container">
					<h2 class="elementor-heading-title elementor-size-default">Impressum</h2>				</div>
				</div>
		<div class="elementor-element elementor-element-0fbe116 e-con-full e-flex elementor-invisible e-con e-child" data-id="0fbe116" data-element_type="container" data-e-type="container" data-settings="{&quot;animation&quot;:&quot;fadeIn&quot;,&quot;animation_delay&quot;:20}">
		<div class="elementor-element elementor-element-610c801 e-con-full e-flex e-con e-child" data-id="610c801" data-element_type="container" data-e-type="container">
				</div>
				</div>
				</div>
					</div>
				</div>
		<div class="elementor-element elementor-element-6b1fed4 e-flex e-con-boxed e-con e-parent" data-id="6b1fed4" data-element_type="container" data-e-type="container">
					<div class="e-con-inner">
		<div class="elementor-element elementor-element-b969435 e-con-full e-flex e-con e-child" data-id="b969435" data-element_type="container" data-e-type="container">
				<div class="elementor-element elementor-element-b01a0be elementor-widget elementor-widget-image" data-id="b01a0be" data-element_type="widget" data-e-type="widget" data-widget_type="image.default">
				<div class="elementor-widget-container">
															<img fetchpriority="high" decoding="async" width="1024" height="690" src="https://kulturverein-afrokonexion.org/wp-content/uploads/2024/09/4691992-1024x690.jpg" class="attachment-large size-large wp-image-1222" alt="africans, friendship, diversity" />															</div>
				</div>
				</div>
		<div class="elementor-element elementor-element-f74efc4 e-con-full e-flex e-con e-child" data-id="f74efc4" data-element_type="container" data-e-type="container">
				<div class="elementor-element elementor-element-775b790 elementor-widget elementor-widget-text-editor" data-id="775b790" data-element_type="widget" data-e-type="widget" data-widget_type="text-editor.default">
				<div class="elementor-widget-container">
									<h4>Informations Générales</h4><p><strong>Kulturverein Afrokonexion e.V.</strong><br />Adresse : Kirchstraße 11, 73730 Esslingen am Neckar<br />Téléphone : +49 176 70848122<br />Email : <a rel="noopener">contact@kulturverein-afrokonexion.org</a></p><h4>Représentant Légal</h4><p>Le représentant légal de Kulturverein Afrokonexion e.V. est son Président, <strong>Frédéric Kodzo D. AKPADJE</strong>.</p>								</div>
				</div>
				</div>
					</div>
				</div>
		<div class="elementor-element elementor-element-910a440 e-flex e-con-boxed e-con e-parent" data-id="910a440" data-element_type="container" data-e-type="container">
					<div class="e-con-inner">
				<div class="elementor-element elementor-element-022d6af elementor-widget elementor-widget-text-editor" data-id="022d6af" data-element_type="widget" data-e-type="widget" data-widget_type="text-editor.default">
				<div class="elementor-widget-container">
									<h4>Enregistrement</h4><p>Kulturverein Afrokonexion e.V. est enregistrée en tant qu&rsquo;association à but non lucratif en Allemagne.</p><h4>Hébergement du Site</h4><p>Le site internet est hébergé par :<br /><strong>LWS (Ligne Web Services)</strong><br />Adresse : 10 rue Penthièvre, 75008 Paris, France<br />Site web : <a href="https://www.lws.fr" target="_new" rel="noopener">www.lws.fr</a></p><h4>Propriété Intellectuelle</h4><p>Tous les contenus présents sur ce site, y compris, sans s&rsquo;y limiter, les textes, graphiques, images, vidéos, logos, icônes et logiciels, sont la propriété de Kulturverein Afrokonexion e.V. ou de ses partenaires. Toute reproduction, distribution, modification, adaptation, retransmission ou publication de ces contenus, même partielle, est strictement interdite sans l&rsquo;accord préalable écrit de Kulturverein Afrokonexion e.V.</p><h4>Limitation de Responsabilité</h4><p>Kulturverein Afrokonexion e.V. s&rsquo;efforce d&rsquo;assurer au mieux de ses possibilités, l&rsquo;exactitude et la mise à jour des informations diffusées sur ce site. Cependant, l&rsquo;association ne peut garantir l&rsquo;exactitude, la précision ou l&rsquo;exhaustivité des informations mises à disposition sur ce site. En conséquence, Kulturverein Afrokonexion e.V. décline toute responsabilité pour toute imprécision, inexactitude ou omission portant sur des informations disponibles sur ce site.</p><h4>Liens Hypertextes</h4><p>Le site peut inclure des liens vers d&rsquo;autres sites web ou d&rsquo;autres sources Internet. Dans la mesure où Kulturverein Afrokonexion e.V. ne peut contrôler ces sites et sources externes, l&rsquo;association ne peut être tenue responsable de la mise à disposition de ces sites et sources externes, et ne peut supporter aucune responsabilité quant aux contenus, publicités, produits, services ou tout autre matériel disponible sur ou à partir de ces sites ou sources externes.</p><h4>Protection des Données Personnelles</h4><p>Kulturverein Afrokonexion e.V. s&rsquo;engage à protéger la vie privée de ses utilisateurs. Les données personnelles collectées sur ce site sont destinées exclusivement à un usage interne. Conformément aux réglementations en vigueur, les utilisateurs disposent d&rsquo;un droit d&rsquo;accès, de rectification et de suppression des données personnelles les concernant. Pour exercer ce droit, veuillez nous contacter à : <a rel="noopener">contact@kulturverein-afrokonexion.org</a>.</p><h4>Droit Applicable</h4><p>Les présentes mentions légales sont régies par le droit allemand. Tout litige relatif à l&rsquo;utilisation du site sera soumis à la compétence exclusive des tribunaux allemands.</p><h4>Kontakt</h4><p>Pour toute question relative aux mentions légales du site, vous pouvez nous contacter à l&rsquo;adresse suivante :<br />Email : <a rel="noopener">contact@kulturverein-afrokonexion.org</a><br />Téléphone : +49 176 70848122</p>								</div>
				</div>
					</div>
				</div>
				</div>

<p>Kulturverein Afrokonexion e.V Mentions Légales Informations Générales Kulturverein Afrokonexion e.V. Adresse : Kirchstraße 11, 73730 Esslingen am Neckar Téléphone : [&hellip;]</p>
